 is -8b + -b1947?
-b1a16
In base 6, what is -201 + 21111224?
21111023
In base 14, what is 1 - -79aad?
79ab0
In base 10, what is -59 - 2012635?
-2012694
In base 13, what is -1657 - c891?
-11218
In base 12, what is 3466b + -76?
345b5
In base 15, what is -202115 + b3?
-202052
In base 14, what is 5c4a527 + -2?
5c4a525
In base 9, what is -7 + 354561082?
354561074
In base 13, what is 4 + -57c6b?
-57c67
In base 13, what is 15c1 - -3877?
5168
In base 10, what is 0 + -8369658?
-8369658
In base 8, what is -240 - -101336?
101076
In base 2, what is -1000111000110101010100 - -1?
-1000111000110101010011
In base 2, what is -100010 - 101111011111011010000001?
-101111011111011010100011
In base 3, what is 11200210101202 - -2201?
11200210111110
In base 5, what is -121 - 134222330?
-134223001
In base 16, what is -5 + -3800a2d?
-3800a32
In base 6, what is 1 - 22124445503?
-22124445502
In base 4, what is 11230200 + -12202?
11211332
In base 6, what is 2235533534 + -3?
2235533531
In base 3, what is -10 - 22022101120021110?
-22022101120021120
In base 11, what is -676a - 194?
-6953
In base 6, what is 3 - -44153251?
44153254
In base 7, what is -126 + 1134325?
1134166
In base 5, what is 42 - -242014?
242111
In base 2, what is 100110001000 + -1010101110?
11011011010
In base 2, what is 101 - 1001010001100100000001010?
-1001010001100100000000101
In base 9, what is 2833675 - 781?
2832784
In base 6, what is -324031 + -2103?
-330134
In base 10, what is -129021 - 744?
-129765
In base 7, what is 1316340 + -544?
1315463
In base 12, what is -14781839 + 4?
-14781835
In base 8, what is 207443415 - 3?
207443412
In base 6, what is -1145113545 - -3?
-1145113542
In base 15, what is -1d + ee226?
ee208
In base 11, what is 5 + 907587?
907591
In base 6, what is -352253 - 134?
-352431
In base 5, what is -1 + -131312334122?
-131312334123
In base 7, what is 202033616 - -6?
202033625
In base 2, what is 1010101110011100000 + 1000110?
1010101110100100110
In base 13, what is 3186 + a44?
3bca
In base 16, what is 37 + 3b6f?
3ba6
In base 12, what is -23b16 - 359?
-24273
In base 13, what is 26c59393 - 1?
26c59392
In base 5, what is -1423013340 - 13?
-1423013403
In base 9, what is -13241 - -855?
-12275
In base 8, what is -3 + 1034277?
1034274
In base 5, what is 10243023 + 2421?
10300444
In base 6, what is -15250241305 + 4?
-15250241301
In base 13, what is a56c5a + 36?
a56c93
In base 15, what is 4e + -1a6be8?
-1a6b99
In base 6, what is 10015 + 21041?
31100
In base 7, what is -3 + -46314662?
-46314665
In base 15, what is -6a4bd + 44?
-6a479
In base 9, what is -3 + 1582102?
1582088
In base 5, what is 42 + -22313140?
-22313043
In base 5, what is 10 - -10020010301?
10020010311
In base 13, what is -224 + 31c3?
2c9c
In base 14, what is 655c + -9b7?
5985
In base 6, what is -1154502510 + -3?
-1154502513
In base 13, what is -20c + 2cb4b?
2c93c
In base 14, what is -1 - -656206?
656205
In base 9, what is 44707248 + 2?
44707251
In base 6, what is 23025 - -2341111?
2404140
In base 6, what is 0 - -110535452?
110535452
In base 12, what is -22b - 19727?
-19956
In base 11, what is 3113984 + -10?
3113974
In base 2, what is -11001011110100010111100010001 + 101?
-11001011110100010111100001100
In base 15, what is 6a0d421 + -2?
6a0d41e
In base 6, what is 304332242 + -1?
304332241
In base 8, what is 0 - -2020023314?
2020023314
In base 11, what is 8 + -a84746?
-a84739
In base 11, what is -17660009 + -8?
-17660016
In base 5, what is 113 - -42431304?
42431422
In base 16, what is -a366 - -3b9?
-9fad
In base 5, what is -1024002413 + -3?
-1024002421
In base 13, what is 1058036 + -5?
1058031
In base 6, what is -2243214454 - 4?
-2243214502
In base 15, what is -451a + -520?
-4a3a
In base 9, what is 8702085 + 33?
8702128
In base 6, what is -120015 - 302535?
-422554
In base 11, what is -3 + 5467938?
5467935
In base 11, what is -117336 + 681?
-116765
In base 2, what is -1100101101011001010111 + 0?
-1100101101011001010111
In base 15, what is -76a6cd6 + -3?
-76a6cd9
In base 14, what is 1826 + -249?
15bb
In base 3, what is 22022110101 - 100120?
22022002211
In base 2, what is -11 + 1110000011000110110110?
1110000011000110110011
In base 16, what is 1176 - -64bd?
7633
In base 13, what is -116 + 16b2b?
16a15
In base 3, what is -100 + -2110202121212?
-2110202122012
In base 14, what is 80 + -23279?
-231d9
In base 16, what is 146 + 482a6?
483ec
In base 11, what is 5 + -7899a821?
-7899a817
In base 4, what is 2131213 - -12002?
2203221
In base 10, what is 4 - -15847502?
15847506
In base 12, what is 17aa + 33694?
35282
In base 15, what is 3c5a4 + 2d?
3c5d2
In base 15, what is -16 - -7d64?
7d4d
In base 7, what is -1616645124 - -5?
-1616645116
In base 5, what is -23232 + 3420224?
3341442
In base 10, what is 356676 - -414?
357090
In base 10, what is -9 - -56975040?
56975031
In base 8, what is -6660642 + 32?
-6660610
In base 10, what is 90155 + 2084?
92239
In base 3, what is 20011022 + 2112011?
22200110
In base 16, what is -16be8f + 23?
-16be6c
In base 16, what is 180 - -7cec?
7e6c
In base 8, what is -1132676 + -36?
-1132734
In base 3, what is -2 + -2211221100111?
-2211221100120
In base 14, what is -a8a2 - 54?
-a916
In base 7, what is 413063 + 126?
413222
In base 4, what is -1033 + 233120?
232021
In base 5, what is -3332103 + -412213?
-4244321
In base 12, what is -1 - -4851215a?
48512159
In base 11, what is -6976a + -422?
-6a091
In base 13, what is -86833b6 + -c?
-86833c5
In base 16, what is 705afa5 + 1?
705afa6
In base 3, what is 100002022002012 - 2?
100002022002010
In base 16, what is -c362 - 734?
-ca96
In base 7, what is 2542 + -10525?
-4653
In base 10, what is 13 + -2596187?
-2596174
In base 15, what is -7 + -41e644?
-41e64b
In base 7, what is 402 + 24545?
25250
In base 6, what is -104325355 - 1?
-104325400
In base 7, what is -526414301 + 0?
-526414301
In base 4, what is -213 + -312010312?
-312011131
In base 16, what is 863 + 3401a?
3487d
In base 7, what is 6 + -31406614?
-31406605
In base 16, what is 1c0fd4fa + 5?
1c0fd4ff
In base 12, what is 0 + b17b257?
b17b257
In base 2, what is -10101100111000100000010 + -1011?
-10101100111000100001101
In base 11, what is 68200497 - -5?
682004a1
In base 9, what is -6 + -3056555?
-3056562
In base 14, what is -b2720c - 0?
-b2720c
In base 15, what is -dc0 + 36d?
-a52
In base 4, what is 20113020220 + -21?
20113020133
In base 9, what is -80 - 188717?
-188807
In base 12, what is 2584203 - 0?
2584203
In base 6, what is 143544502 + -245?
143544213
In base 11, what is 47619706 + 7?
47619712
In base 15, what is 1d622ea - 1?
1d622e9
In base 7, what is 64001152 - -3?
64001155
In base 11, what is a + -13aa6a70?
-13aa6a61
In base 3, what is -11210 + 120011012000?
120011000020
In base 3, what is -22212222001000 - 201?
-22212222001201
In base 12, what is -650b5b - -479?
-6506a2
In base 4, what is -312020 + 2030133?
1112113
In base 4, what is 1332102221 + 11231?
1332120112
In base 7, what is 5 - -305145220?
305145225
In base 13, what is -30bb + 7bc0?
4b02
In base 11, what is -25791 - 2246?
-27a27
In base 14, what is -2796152 - -c?
-2796144
In base 12, what is 3a69357 - -a?
3a69365
In base 5, what is 213344021 - 2402?
213341114
In base 2, what is -1000111010100001010001110001 + 0?
-1000111010100001010001110001
In base 8, what is 1014 - -265744?
266760
In base 3, what is -1001002020121001011 - 11?
-1001002020121001022
In base 4, what is -10232211 - 1?
-10232212
In base 16, what is 12784855 - 2?
12784853
In base 8, what is -340060046 + -3?
-340060051
In base 9, what is 31 - -2660344?
2660375
In base 6, what is -41101140 - 2?
-41101142
In base 4, what is 10 + 11221310203?
11221310213
In base 2, what is 10001001110 - -100110101110?
110111111100
In base 7, what is 242 - 20114360?
-20114115
In base 15, what is -5 - -b23cae?
b23ca9
In base 2, what is 10001011000010100 + -11101111?
10001010100100101
In base 13, what is -4 - -1c67991c?
1c679918
In base 13, what is -14914744 - 0?
-14914744
In base 5, what is -223012 + -122031?
-400043
In base 6, what is 10555 + 223533?
234532
In base 8, what is -744433 - -6?
-744425
In base 7, what is 5 + 115440050?
115440055
In base 5, what is 311342402 + 241?
311343143
In base 15, what is 1ceee9a - 5?
1ceee95
In base 15, what is -39 - -15990?
15956
In base 14, what is 51 - -1a892d?
1a8980
In base 7, 